{"id":225,"date":"2025-01-23T11:44:07","date_gmt":"2025-01-23T11:44:07","guid":{"rendered":"https:\/\/kiekkonen.fi\/?page_id=225"},"modified":"2025-12-07T21:26:15","modified_gmt":"2025-12-07T21:26:15","slug":"yhteystiedot","status":"publish","type":"page","link":"https:\/\/kiekkonen.fi\/?page_id=225","title":{"rendered":"Yhteystiedot"},"content":{"rendered":"\n<p class=\"has-text-align-center\">Yhteys s\u00e4hk\u00f6postilla tai Whatsapp-sovelluksen kautta. <\/p>\n\n\n\n<p class=\"has-text-align-center\">Palvelut ja tuotteet tarpeenne mukaan. Kysy lis\u00e4\u00e4!<\/p>\n\n\n\n<p class=\"has-text-align-center\">S\u00e4hk\u00f6posti: Kiekko@kiekkonen.fi<\/p>\n\n\n\n<p class=\"has-text-align-center\">Whatsapp: +358 44 9300971<\/p>\n","protected":false},"excerpt":{"rendered":"<p>Yhteys s\u00e4hk\u00f6postilla tai Whatsapp-sovelluksen kautta. Palvelut ja tuotteet tarpeenne mukaan. Kysy lis\u00e4\u00e4! S\u00e4hk\u00f6posti: Kiekko@kiekkonen.fi Whatsapp: +358 44 9300971<\/p>\n","protected":false},"author":1,"featured_media":0,"parent":0,"menu_order":0,"comment_status":"closed","ping_status":"closed","template":"","meta":{"footnotes":""},"class_list":["post-225","page","type-page","status-publish","hentry"],"jetpack_sharing_enabled":true,"_links":{"self":[{"href":"https:\/\/kiekkonen.fi\/index.php?rest_route=\/wp\/v2\/pages\/225","targetHints":{"allow":["GET"]}}],"collection":[{"href":"https:\/\/kiekkonen.fi\/index.php?rest_route=\/wp\/v2\/pages"}],"about":[{"href":"https:\/\/kiekkonen.fi\/index.php?rest_route=\/wp\/v2\/types\/page"}],"author":[{"embeddable":true,"href":"https:\/\/kiekkonen.fi\/index.php?rest_route=\/wp\/v2\/users\/1"}],"replies":[{"embeddable":true,"href":"https:\/\/kiekkonen.fi\/index.php?rest_route=%2Fwp%2Fv2%2Fcomments&post=225"}],"version-history":[{"count":5,"href":"https:\/\/kiekkonen.fi\/index.php?rest_route=\/wp\/v2\/pages\/225\/revisions"}],"predecessor-version":[{"id":275,"href":"https:\/\/kiekkonen.fi\/index.php?rest_route=\/wp\/v2\/pages\/225\/revisions\/275"}],"wp:attachment":[{"href":"https:\/\/kiekkonen.fi\/index.php?rest_route=%2Fwp%2Fv2%2Fmedia&parent=225"}],"curies":[{"name":"wp","href":"https:\/\/api.w.org\/{rel}","templated":true}]}}